43
List the prime factors of 95851484.
2, 241, 99431
List the prime factors of 97896673.
7, 823, 16993
List the prime factors of 483738251.
79, 191, 32059
List the prime factors of 1331430996.
2, 3, 7, 15850369
List the prime factors of 10475548.
2, 47, 55721
List the prime factors of 41523460.
2, 5, 11, 173, 1091
List the prime factors of 59094895.
5, 29, 109, 3739
List the prime factors of 361020013.
383, 499, 1889
List the prime factors of 97235301.
3, 937, 34591
List the prime factors of 55548430.
2, 5, 7, 61, 13009
What are the prime factors of 4273961559?
3, 7, 11897, 17107
What are the prime factors of 712958909?
13, 54842993
List the prime factors of 99241106.
2, 31, 1600663
What are the prime factors of 4740223987?
19, 1873, 133201
List the prime factors of 113550189.
3, 1091, 34693
What are the prime factors of 2361937566?
2, 3, 393656261
What are the prime factors of 88560950?
2, 5, 487, 3637
List the prime factors of 1901323375.
5, 7, 29, 74929
What are the prime factors of 912051168?
2, 3, 7, 47, 67, 431
What are the prime factors of 40389595?
5, 8077919
List the prime factors of 370783453.
43, 8622871
What are the prime factors of 87255073?
87255073
List the prime factors of 345705547.
11, 31427777
What are the prime factors of 200200724?
2, 5683, 8807
What are the prime factors of 101713345?
5, 59, 344791
What are the prime factors of 39388472?
2, 1831, 2689
List the prime factors of 153239500.
2, 5, 306479
List the prime factors of 7438711.
7, 1062673
What are the prime factors of 891148719?
3, 853, 348241
List the prime factors of 142046476.
2, 11, 13, 103, 2411
List the prime factors of 140409722.
2, 1489, 47149
List the prime factors of 33427606.
2, 757, 22079
What are the prime factors of 58208704?
2, 19, 47869
What are the prime factors of 43264212?
2, 3, 3605351
What are the prime factors of 41456772?
2, 3, 7, 677
What are the prime factors of 565370722?
2, 7, 5769089
What are the prime factors of 100809558?
2, 3, 17, 19379
List the prime factors of 408743799.
3, 59, 2309287
What are the prime factors of 307440083?
19, 16181057
List the prime factors of 2515948758.
2, 3, 67, 71, 29383
What are the prime factors of 1770553524?
2, 3, 23, 67, 95747
What are the prime factors of 51969765?
3, 5, 17, 23, 8861
List the prime factors of 4228158.
2, 3, 11, 64063
List the prime factors of 175194500.
2, 5, 13, 26953
What are the prime factors of 120360620?
2, 5, 71, 84761
List the prime factors of 787488856.
2, 7, 11, 1278391
List the prime factors of 833153201.
443, 1880707
List the prime factors of 3342488833.
367, 9107599
List the prime factors of 1525447002.
2, 3, 254241167
What are the prime factors of 283789361?
131, 263, 8237
What are the prime factors of 146042469?
3, 2459, 6599
List the prime factors of 393888251.
393888251
List the prime factors of 63801931.
23, 2773997
What are the prime factors of 16234011?
3, 457, 3947
List the prime factors of 48661455.
3, 5, 3244097
List the prime factors of 47896134.
2, 3, 11, 13, 55823
List the prime factors of 108843101.
563, 193327
List the prime factors of 188109493.
11, 13, 1315451
List the prime factors of 1148880790.
2, 5, 19, 1699, 3559
What are the prime factors of 372854815?
5, 6871, 10853
List the prime factors of 3754851374.
2, 163, 11517949
What are the prime factors of 211332724?
2, 52833181
List the prime factors of 74505739.
7, 11, 967607
What are the prime factors of 269040432?
2, 3, 1223, 4583
List the prime factors of 232695483.
3, 77565161
What are the prime factors of 220962400?
2, 5, 19, 14537
What are the prime factors of 693857626?
2, 7, 11, 4505569
What are the prime factors of 68231589?
3, 31, 37, 79, 251
What are the prime factors of 571201602?
2, 3, 95200267
What are the prime factors of 770370179?
770370179
What are the prime factors of 348251409?
3, 11, 17, 206923
List the prime factors of 26207659.
17, 311, 4957
What are the prime factors of 488932186?
2, 31, 97, 81299
What are the prime factors of 402696379?
402696379
List the prime factors of 482236533.
3, 53581837
List the prime factors of 155874608.
2, 9742163
What are the prime factors of 1031536993?
16963, 60811
What are the prime factors of 582033149?
1291, 450839
List the prime factors of 5461973794.
2, 61, 157, 285161
List the prime factors of 89117687.
47, 40343
List the prime factors of 151120583.
151120583
List the prime factors of 497230484.
2, 17, 47, 155579
List the prime factors of 196919688.
2, 3, 7, 31, 37811
What are the prime factors of 39573066?
2, 3, 13, 507347
List the prime factors of 176164222.
2, 13, 23, 97, 3037
List the prime factors of 20111882.
2, 7, 1436563
List the prime factors of 145525966.
2, 31, 281, 8353
What are the prime factors of 1044689512?
2, 41, 3185029
List the prime factors of 2228264078.
2, 47, 3271, 7247
What are the prime factors of 1315620793?
1315620793
What are the prime factors of 65135568?
2, 3, 17, 79823
List the prime factors of 3671968315.
5, 191, 421, 9133
What are the prime factors of 17297627?
181, 227, 421
What are the prime factors of 13899075?
3, 5, 47, 3943
List the prime factors of 683231668.
2, 7, 47, 173, 3001
List the prime factors of 368185379.
1087, 338717
List the prime factors of 2088169372.
2, 522042343
What are the prime factors of 3951173?
3951173
List the prime factors of 315580661.
11, 101, 284051
List the prime factors of 416521227.
3, 138840409
List the prime factors of 43585657.
5233, 8329
What are the prime factors of 1664486738?
2, 832243369
What are the prime factors of 76192972?
2, 79, 241117
What are the prime factors of 286128829?
7, 73, 559939
List the prime factors of 5506915481.
5506915481
List the prime factors of 172107342.
2, 3, 11, 96581
What are the prime factors of 428094520?
2, 5, 7, 29, 52721
List the prime factors of 124071350.
2, 5, 13, 14683
What are the prime factors of 325740595?
5, 2579, 25261
List the prime factors of 113088142.
2, 56544071
What are the prime factors of 2320191296?
2, 83, 373, 1171
List the prime factors of 1007257036.
2, 181, 1391239
What are the prime factors of 60745901?
60745901
What are the prime factors of 397822959?
3, 41, 1078111
What are the prime factors of 3303240192?
2, 3, 7, 102407
List the prime factors of 1107143135.
5, 7, 631, 50131
List the prime factors of 70089627.
3, 23363209
What are the prime factors of 521502775?
5, 53, 393587
What are the prime factors of 32240558?
2, 7, 31, 74287
List the prime factors of 70208699.
11, 73, 87433
List the prime factors of 1548373079.
11, 827, 170207
List the prime factors of 194467738.
2, 2399, 40531
List the prime factors of 2059818.
2, 3, 343303
List the prime factors of 18257351.
7, 409, 911
What are the prime factors of 878380821?
3, 32532623
List the prime factors of 4564247708.
2, 29, 331, 118873
List the prime factors of 3113785812.
2, 3, 259482151
List the prime factors of 229813144.
2, 11, 2611513
List the prime factors of 1355208151.
11, 123200741
List the prime factors of 394393957.
394393957
List the prime factors of 15662304.
2, 3, 7, 17, 457
What are the prime factors of 2122068225?
3, 5, 2239, 12637
What are the prime factors of 68794545?
3, 5, 4586303
List the prime factors of 722547279.
3, 3821, 21011
List the prime factors of 1819621929.
3, 587, 1033289
List the prime factors of 2521477113.
3, 840492371
What are the prime factors of 23696186?
2, 11848093
List the prime factors of 1303184801.
2213, 588877
What are the prime factors of 182999131?
7, 5107, 5119
What are the prime factors of 43109309?
19, 491, 4621
List the prime factors of 74857535.
5, 14971507
What are the prime factors of 127756981?
11, 11614271
List the prime factors of 98544674.
2, 49272337
What are the prime factors of 1046452755?
3, 5, 193, 361469
List the prime factors of 11356588.
2, 1439, 1973
What are the prime factors of 10521014?
2, 7, 277, 2713
List the prime factors of 1675316539.
13, 31, 41, 2473
What are the prime factors of 62101992?
2, 3, 29, 89227
What are the prime factors of 4136481?
3, 23, 6661
What are the prime factors of 2670675177?
3, 6779, 131321
List the prime factors of 174659468.
2, 43664867
List the prime factors of 644994798.
2, 3, 7, 15357019
What are the prime factors of 45966117?
3, 2549, 6011
What are the 